r**2 - 86*r + 495. Determine z(10).
135
Let a(v) = -v**2 + 311*v + 2532. What is a(-8)?
-20
Let a(n) = -53476*n - 106964. Give a(-2).
-12
Let p(y) = 6087*y + 298235. What is p(-49)?
-28
Let s(v) = 283726*v - 1134447. Give s(4).
457
Let n(d) = 386*d**2 - 18526*d - 99. What is n(48)?
-3
Let t(x) = 66033*x + 330164. Determine t(-5).
-1
Let d(w) = 29*w + 6602. Determine d(-37).
5529
Let f(l) = -42*l**3 - 10*l**2 + 41*l - 88. Give f(2).
-382
Let u(x) = -6*x**3 - 519*x**2 + 3581*x + 7. What is u(7)?
-2415
Let o(r) = -222*r + 16630. Calculate o(75).
-20
Let k(x) = -x**2 + 6061*x - 126831. What is k(21)?
9
Let d(l) = -2*l**3 + 44*l**2 - 40*l + 862. Determine d(22).
-18
Let b(l) = -2*l**3 + 1019*l**2 - 465*l - 22430. What is b(509)?
-34
Let s(n) = -73*n**2 + 1834*n - 207. Give s(25).
18
Let t(p) = -82761*p - 331123. Determine t(-4).
-79
Let w(l) = -l**3 + 44*l**2 + 840*l - 38764. What is w(42)?
44
Let x(k) = 137*k**2 + 40*k - 58. Determine x(2).
570
Let w(m) = 3841*m - 199715. What is w(52)?
17
Let u(d) = 3860*d - 19420. Calculate u(5).
-120
Let h(f) = -81*f**2 - 813*f - 67. Give h(-9).
689
Let i(r) = 9*r**3 + 27*r**2 - 316*r + 288. Give i(1).
8
Let w(n) = -3159*n + 2923. Determine w(1).
-236
Let b(j) = j**3 - 3*j**2 - 88*j + 301. What is b(3)?
37
Let l(s) = 39*s + 1702. Calculate l(-36).
298
Let s(f) = f**3 + 46*f**2 - 343*f + 191. Determine s(6).
5
Let j(w) = 18*w**2 - 553*w - 2001. Calculate j(34).
5
Let w(z) = -18531*z**2 + 74094*z + 120. What is w(4)?
0
Let w(f) = 7*f**3 - 221*f**2 + 1747*f - 1797. Determine w(11).
-4
Let f(o) = -o**2 - 123*o + 1505. Calculate f(12).
-115
Let i(l) = -52*l**2 - 499*l + 297. Calculate i(-6).
1419
Let r(q) = -q**2 - 2252*q - 393686. Give r(-191).
-35
Let p(k) = k**2 - 23652*k + 1109425. Determine p(47).
-10
Let x(g) = 3*g**2 - 170*g - 25893. Determine x(125).
-268
Let s(f) = -85*f**2 + 973*f + 1965. Give s(-2).
-321
Let u(z) = 6*z**2 + 190*z - 3855. Give u(15).
345
Let z(b) = 205*b**3 - 2667*b**2 - 3*b + 372. Give z(13).
-5
Let g(y) = -2*y**3 - 550*y**2 + 2238*y + 1667. What is g(-279)?
-7
Let x(q) = -3414*q - 11360. Determine x(-4).
2296
Let b(r) = r**2 + 162*r + 4217. Determine b(-106).
-1719
Let r(c) = -4*c**3 + 733*c**2 - 194*c - 925. What is r(183)?
-2938
Let o(v) = 10*v**2 - 922*v - 862. What is o(95)?
1798
Let y(c) = c**3 - 105*c**2 + 464*c + 3603. Calculate y(100).
3
Let m(h) = 102*h + 9508. Calculate m(-91).
226
Let v(k) = -487967*k + 2927796. Determine v(6).
-6
Let f(l) = -17*l**2 + 301*l + 2960. What is f(-7)?
20
Let t(b) = -2*b**3 + 163*b**2 + 117*b - 574. Calculate t(82).
2296
Let f(c) = 283*c**2 + 2245*c - 5. Calculate f(-8).
147
Let h(u) = 34*u**3 + 2072*u**2 - 118*u + 122. Give h(-61).
-122
Let l(b) = 542637*b - 4883748. Give l(9).
-15
Let x(i) = -68004*i + 2040223. Calculate x(30).
103
Let n(b) = 1518*b - 34950. What is n(23)?
-36
Let b(g) = 74*g - 2782. Give b(39).
104
Let p(s) = s**3 + 21*s**2 - 711*s - 39. Give p(-39).
312
Let g(z) = z**3 - 49*z**2 + 420*z - 3921. Determine g(41).
-149
Let t(l) = 15*l**2 - 1981*l + 7. Calculate t(0).
7
Let z(c) = 195*c**2 + 60*c + 4. Calculate z(-3).
1579
Let b(v) = -40929*v + 163724. Determine b(4).
8
Let z(i) = 2*i**2 - 12339*i + 73944. Calculate z(6).
-18
Let f(d) = -2*d**2 + 2186*d - 193214. Calculate f(996).
10
Let p(x) = -963*x - 35836. Calculate p(-37).
-205
Let i(p) = -73492*p - 514451. Give i(-7).
-7
Let s(d) = -138*d**2 + 19877*d - 584. Determine s(144).
136
Let d(n) = -174*n + 21355. Determine d(123).
-47
Let p(i) = 11*i**3 + 10*i**2 + 9*i - 110. Give p(5).
1560
Let u(o) = o**3 + 16*o**2 - 11*o - 477. What is u(-16)?
-301
Let d(h) = -h**3 + 56*h**2 + 1673*h - 3570. What is d(2)?
-8
Let u(f) = 428*f + 49432. Calculate u(-115).
212
Let m(z) = -2*z**3 - 8*z**2 + 175*z + 1026. What is m(-6)?
120
Let g(j) = 3*j**3 + 74*j**2 - 77*j - 688. What is g(-25)?
612
Let x(f) = -9994*f - 210028. Determine x(-21).
-154
Let w(i) = 41*i**3 - 127*i**2 + 28*i - 47. Determine w(3).
1
Let t(v) = -121*v**2 - 27*v - 50. Calculate t(-2).
-480
Let d(a) = 62*a + 4053. Calculate d(-66).
-39
Let j(m) = m**3 + 9*m**2 - 108*m + 25. What is j(10)?
845
Let o(j) = -j**3 - 21*j**2 - 152*j - 452. Determine o(-11).
10
Let x(r) = -35273*r + 282192. Calculate x(8).
8
Let h(w) = -1232*w + 1029958. Give h(836).
6
Let u(z) = -8311*z - 772981. Calculate u(-93).
-58
Let s(d) = -2*d**2 - 2761*d + 2759. Determine s(1).
-4
Let g(t) = -6*t**2 - 7615*t - 2005616. Give g(-373).
5
Let g(q) = -q**3 - 1634*q**2 + 3267*q + 6. Determine g(2).
-4
Let k(q) = -31*q**2 - 1146*q + 4601. Give k(4).
-479
Let b(u) = -u**2 - 16207*u + 275919. Calculate b(17).
111
Let k(p) = p**3 + 36*p**2 - 23*p + 414. What is k(-38)?
-1600
Let s(t) = -t**3 - 35*t**2 - 71*t + 49. Determine s(-33).
214
Let k(p) = 3282*p + 98871. Calculate k(-30).
411
Let k(t) = -112*t + 5752. What is k(49)?
264
Let b(z) = 105*z**2 - 3961*z + 2818. Calculate b(37).
6
Let p(h) = 3*h**3 + 78*h**2 - 168*h - 3438. Give p(-29).
-6135
Let j(p) = -3*p**3 - 12*p**2 + 1797*p + 12491. Give j(-7).
353
Let k(i) = i**3 - 43*i**2 - 132*i - 250. Give k(46).
26
Let k(b) = b**3 + 57*b**2 + 408*b + 5204. What is k(-51)?
2
Let q(j) = j**3 - 55*j**2 - 409*j + 22481. Give q(55).
-14
Let r(a) = -a**3 + 118*a**2 + 701*a - 82727. Determine r(118).
-9
Let r(a) = 3728*a + 4947085. Determine r(-1327).
29
Let g(q) = 7613*q - 7521653. Give g(988).
-9
Let t(s) = 7*s**3 - 137*s**2 + 450*s - 178. Determine t(16).
622
Let z(m) = 191*m**3 + 4202*m**2 + 14*m + 116. Calculate z(-22).
-192
Let s(l) = 4*l**3 - 1674*l**2 - 840*l + 839. What is s(419)?
1
Let b(x) = 6517*x + 289. Determine b(0).
289
Let a(z) = -8*z**2 + 994*z - 6558. Give a(7).
8
Let d(a) = 3285*a + 18837. Determine d(-6).
-873
Let h(g) = -138*g + 5586. Give h(38).
342
Let v(i) = -i**3 + 20*i**2 + 30*i - 601. Determine v(20).
-1
Let b(v) = v**3 - 7224*v**2 - 232193*v - 47. What is b(-32)?
-15
Let o(r) = 265*r**2 - 87713*r - 663. Give o(331).
-1
Let g(j) = -131*j - 1645. Determine g(-10).
-335
Let v(w) = 151*w + 220. Determine v(-2).
-82
Let l(w) = 22*w**2 + 1565*w + 3305. Give l(-69).
62
Let x(l) = -4*l**2 - 529*l - 5448. What is x(-121)?
-3
Let a(i) = i**2 + 555*i - 140614. Calculate a(189).
2
Let i(g) = 5*g**2 + 1013*g - 120462. Give i(84).
-90
Let s(y) = 162*y - 7575. Give s(43).
-609
Let n(c) = 5044*c - 22390. Give n(5).
2830
Let x(j) = -j**3 + 13*j**2 - 444*j + 5778. Determine x(13).
6
Let p(r) = -2*r**3 - 267*r**2 + 44066*r - 185. What is p(96)?
7
Let u(m) = -m**3 + 835*m**2 + 5935*m - 34501. Calculate u(842).
21
Let q(l) = -l**3 - 74*l**2 + 224*l - 543. What is q(-77)?
-4
Let d(v) = -2*v**2 + 447*v + 87615. Determine d(-125).
490
Let r(m) = 1080*m + 5088. Give r(-5).
-312
Let f(y) = 4*y**2 - 921*y + 14758. Give f(17).
257
Let w(t) = -t**3 + 92*t**2 + 45*t - 4342. What is w(92)?
-202
Let s(o) = -4224*o + 20950. What is s(5)?
-170
Let k(a) = -a**3 - 38*a**2 - 235*a - 21. What is k(-8)?
-61
Let i(l) = -2*l**2 - 184*l - 1211. Calculate i(-85).
-21
Let i(k) = 144*k + 4743. Give i(-38).
-729
Let y(f) = -75*f**3 + 63*f**2 + 143*f + 39. Determine y(-2).
605
Let a(u) = 21*u**2 + 1347*u - 19. Give a(-64).
-211
Let k(w) = 22*w**3 + 152*w**2 - 443*w + 10. What is k(3)?
643
Let l(x) = -x**3 - 62*x**2 - 14*x - 358. What is l(-62)?
510
Let p(o) = 13*o**2 - 222*o - 8206. Give p(-18).
2
Let a(r) = -2*r**2 + 19930*r + 139631. What is a(-7)?
23
Let t(q) = 374*q**2 + q + 20. Calculate t(0).
20
Let t(o) = 448249*o + 9861476. What is t(-22)?
-2
Let i(u) = 18*u**3 - 161*u**2 + 130*u + 46. Calculate i(8).
-2
Let n(k) = -6846*k + 5381011. Calculate n(786).
55
Let j(z) = 5*z**2 - 158*z + 1033. Determine j(10).
-47
Let n(d) = 3*d**2 - 1651*d - 83599. Give n(597).
-19
Let o(y) = -63308*y + 506460. What is o(8)?
-4
Let k(t) = t**3 - 88*t**2 - 538*t + 24111. Calculate k(91).
-4
Let s(l) = -l**3 - 20*l**2 + l - 2296. Calculate s(-24).
-16
Let s(h) = 571603*h - 4001222. Calculate s(7).
-1
Let p(u) = -36*u**2 + 406*u + 30. Calculate p(10).
490
Let i(o) = -23*o**3 + 1133*o**2 + 864*o - 16. What is i(50)?
684
Let q(h) = 3*h**2 - 303*h - 46. What is q(101)?
-46
Let n(k) = 11735*k - 117058. Determine n(10).
292
Let l(i) = 90*i**3 + 18179*i**2 - 201*i - 353. Determine l(-202).
-555
Let i(h) = 4270399*h - 12811201. What is i(3)?
-4
Let l(p) = p**2 - 5